{"id":2612,"date":"2025-06-12T12:20:02","date_gmt":"2025-06-12T10:20:02","guid":{"rendered":"https:\/\/www.caritas.gda.pl\/?post_type=projekt&#038;p=2612"},"modified":"2026-02-20T09:42:22","modified_gmt":"2026-02-20T08:42:22","slug":"2612","status":"publish","type":"projekt","link":"https:\/\/www.caritas.gda.pl\/en\/projekt\/2612\/","title":{"rendered":"Centrum Wolontariatu Caritas \u2013 rozw\u00f3j dzia\u0142alno\u015bci"},"excerpt":{"rendered":"","protected":false},"featured_media":4290,"template":"","class_list":["post-2612","projekt","type-projekt","status-publish","has-post-thumbnail","hentry"],"acf":[],"yoast_head":"<!-- This site is optimized with the Yoast SEO plugin v26.0 - https:\/\/yoast.com\/wordpress\/plugins\/seo\/ -->\n<title>Centrum Wolontariatu Caritas \u2013 rozw\u00f3j dzia\u0142alno\u015bci - Caritas<\/title>\n<meta name=\"robots\" content=\"index, follow, max-snippet:-1, max-image-preview:large, max-video-preview:-1\" \/>\n<link rel=\"canonical\" href=\"https:\/\/www.caritas.gda.pl\/projekt\/2612\/\" \/>\n<meta property=\"og:locale\" content=\"en_US\" \/>\n<meta property=\"og:type\" content=\"article\" \/>\n<meta property=\"og:title\" content=\"Centrum Wolontariatu Caritas \u2013 rozw\u00f3j dzia\u0142alno\u015bci - Caritas\" \/>\n<meta property=\"og:url\" content=\"https:\/\/www.caritas.gda.pl\/projekt\/2612\/\" \/>\n<meta property=\"og:site_name\" content=\"Caritas\" \/>\n<meta property=\"article:modified_time\" content=\"2026-02-20T08:42:22+00:00\" \/>\n<meta property=\"og:image\" content=\"https:\/\/www.caritas.gda.pl\/wp-content\/uploads\/2025\/06\/Projekt-bez-nazwy-65.png\" \/>\n\t<meta property=\"og:image:width\" content=\"354\" \/>\n\t<meta property=\"og:image:height\" content=\"236\" \/>\n\t<meta property=\"og:image:type\" content=\"image\/png\" \/>\n<meta name=\"twitter:card\" content=\"summary_large_image\" \/>\n<meta name=\"twitter:label1\" content=\"Est. reading time\" \/>\n\t<meta name=\"twitter:data1\" content=\"1 minute\" \/>\n<script type=\"application\/ld+json\" class=\"yoast-schema-graph\">{\"@context\":\"https:\/\/schema.org\",\"@graph\":[{\"@type\":\"WebPage\",\"@id\":\"https:\/\/www.caritas.gda.pl\/projekt\/2612\/\",\"url\":\"https:\/\/www.caritas.gda.pl\/projekt\/2612\/\",\"name\":\"Centrum Wolontariatu Caritas \u2013 rozw\u00f3j dzia\u0142alno\u015bci - Caritas\",\"isPartOf\":{\"@id\":\"https:\/\/www.caritas.gda.pl\/#website\"},\"primaryImageOfPage\":{\"@id\":\"https:\/\/www.caritas.gda.pl\/projekt\/2612\/#primaryimage\"},\"image\":{\"@id\":\"https:\/\/www.caritas.gda.pl\/projekt\/2612\/#primaryimage\"},\"thumbnailUrl\":\"https:\/\/www.caritas.gda.pl\/wp-content\/uploads\/2025\/06\/Projekt-bez-nazwy-65.png\",\"datePublished\":\"2025-06-12T10:20:02+00:00\",\"dateModified\":\"2026-02-20T08:42:22+00:00\",\"breadcrumb\":{\"@id\":\"https:\/\/www.caritas.gda.pl\/projekt\/2612\/#breadcrumb\"},\"inLanguage\":\"en-US\",\"potentialAction\":[{\"@type\":\"ReadAction\",\"target\":[\"https:\/\/www.caritas.gda.pl\/projekt\/2612\/\"]}]},{\"@type\":\"ImageObject\",\"inLanguage\":\"en-US\",\"@id\":\"https:\/\/www.caritas.gda.pl\/projekt\/2612\/#primaryimage\",\"url\":\"https:\/\/www.caritas.gda.pl\/wp-content\/uploads\/2025\/06\/Projekt-bez-nazwy-65.png\",\"contentUrl\":\"https:\/\/www.caritas.gda.pl\/wp-content\/uploads\/2025\/06\/Projekt-bez-nazwy-65.png\",\"width\":354,\"height\":236},{\"@type\":\"BreadcrumbList\",\"@id\":\"https:\/\/www.caritas.gda.pl\/projekt\/2612\/#breadcrumb\",\"itemListElement\":[{\"@type\":\"ListItem\",\"position\":1,\"name\":\"Home\",\"item\":\"https:\/\/www.caritas.gda.pl\/en\/\"},{\"@type\":\"ListItem\",\"position\":2,\"name\":\"Centrum Wolontariatu Caritas \u2013 rozw\u00f3j dzia\u0142alno\u015bci\"}]},{\"@type\":\"WebSite\",\"@id\":\"https:\/\/www.caritas.gda.pl\/#website\",\"url\":\"https:\/\/www.caritas.gda.pl\/\",\"name\":\"Caritas\",\"description\":\"\",\"potentialAction\":[{\"@type\":\"SearchAction\",\"target\":{\"@type\":\"EntryPoint\",\"urlTemplate\":\"https:\/\/www.caritas.gda.pl\/?s={search_term_string}\"},\"query-input\":{\"@type\":\"PropertyValueSpecification\",\"valueRequired\":true,\"valueName\":\"search_term_string\"}}],\"inLanguage\":\"en-US\"}]}<\/script>\n<!-- \/ Yoast SEO plugin. -->","yoast_head_json":{"title":"Centrum Wolontariatu Caritas \u2013 rozw\u00f3j dzia\u0142alno\u015bci - Caritas","robots":{"index":"index","follow":"follow","max-snippet":"max-snippet:-1","max-image-preview":"max-image-preview:large","max-video-preview":"max-video-preview:-1"},"canonical":"https:\/\/www.caritas.gda.pl\/projekt\/2612\/","og_locale":"en_US","og_type":"article","og_title":"Centrum Wolontariatu Caritas \u2013 rozw\u00f3j dzia\u0142alno\u015bci - Caritas","og_url":"https:\/\/www.caritas.gda.pl\/projekt\/2612\/","og_site_name":"Caritas","article_modified_time":"2026-02-20T08:42:22+00:00","og_image":[{"width":354,"height":236,"url":"https:\/\/www.caritas.gda.pl\/wp-content\/uploads\/2025\/06\/Projekt-bez-nazwy-65.png","type":"image\/png"}],"twitter_card":"summary_large_image","twitter_misc":{"Est. reading time":"1 minute"},"schema":{"@context":"https:\/\/schema.org","@graph":[{"@type":"WebPage","@id":"https:\/\/www.caritas.gda.pl\/projekt\/2612\/","url":"https:\/\/www.caritas.gda.pl\/projekt\/2612\/","name":"Centrum Wolontariatu Caritas \u2013 rozw\u00f3j dzia\u0142alno\u015bci - Caritas","isPartOf":{"@id":"https:\/\/www.caritas.gda.pl\/#website"},"primaryImageOfPage":{"@id":"https:\/\/www.caritas.gda.pl\/projekt\/2612\/#primaryimage"},"image":{"@id":"https:\/\/www.caritas.gda.pl\/projekt\/2612\/#primaryimage"},"thumbnailUrl":"https:\/\/www.caritas.gda.pl\/wp-content\/uploads\/2025\/06\/Projekt-bez-nazwy-65.png","datePublished":"2025-06-12T10:20:02+00:00","dateModified":"2026-02-20T08:42:22+00:00","breadcrumb":{"@id":"https:\/\/www.caritas.gda.pl\/projekt\/2612\/#breadcrumb"},"inLanguage":"en-US","potentialAction":[{"@type":"ReadAction","target":["https:\/\/www.caritas.gda.pl\/projekt\/2612\/"]}]},{"@type":"ImageObject","inLanguage":"en-US","@id":"https:\/\/www.caritas.gda.pl\/projekt\/2612\/#primaryimage","url":"https:\/\/www.caritas.gda.pl\/wp-content\/uploads\/2025\/06\/Projekt-bez-nazwy-65.png","contentUrl":"https:\/\/www.caritas.gda.pl\/wp-content\/uploads\/2025\/06\/Projekt-bez-nazwy-65.png","width":354,"height":236},{"@type":"BreadcrumbList","@id":"https:\/\/www.caritas.gda.pl\/projekt\/2612\/#breadcrumb","itemListElement":[{"@type":"ListItem","position":1,"name":"Home","item":"https:\/\/www.caritas.gda.pl\/en\/"},{"@type":"ListItem","position":2,"name":"Centrum Wolontariatu Caritas \u2013 rozw\u00f3j dzia\u0142alno\u015bci"}]},{"@type":"WebSite","@id":"https:\/\/www.caritas.gda.pl\/#website","url":"https:\/\/www.caritas.gda.pl\/","name":"Caritas","description":"","potentialAction":[{"@type":"SearchAction","target":{"@type":"EntryPoint","urlTemplate":"https:\/\/www.caritas.gda.pl\/?s={search_term_string}"},"query-input":{"@type":"PropertyValueSpecification","valueRequired":true,"valueName":"search_term_string"}}],"inLanguage":"en-US"}]}},"_links":{"self":[{"href":"https:\/\/www.caritas.gda.pl\/en\/wp-json\/wp\/v2\/projekt\/2612","targetHints":{"allow":["GET"]}}],"collection":[{"href":"https:\/\/www.caritas.gda.pl\/en\/wp-json\/wp\/v2\/projekt"}],"about":[{"href":"https:\/\/www.caritas.gda.pl\/en\/wp-json\/wp\/v2\/types\/projekt"}],"wp:featuredmedia":[{"embeddable":true,"href":"https:\/\/www.caritas.gda.pl\/en\/wp-json\/wp\/v2\/media\/4290"}],"wp:attachment":[{"href":"https:\/\/www.caritas.gda.pl\/en\/wp-json\/wp\/v2\/media?parent=2612"}],"curies":[{"name":"wp","href":"https:\/\/api.w.org\/{rel}","templated":true}]}}

Centrum Wolontariatu Caritas – rozwój działalności

<!-- This site is optimized with the Yoast SEO plugin v26.0 - https://yoast.com/wordpress/plugins/seo/ -->
<title>Centrum Wolontariatu Caritas – rozwój działalności - Caritas</title>
<meta name="robots" content="index, follow, max-snippet:-1, max-image-preview:large, max-video-preview:-1" />
<link rel="canonical" href="https://www.caritas.gda.pl/projekt/2612/" />
<meta property="og:locale" content="en_US" />
<meta property="og:type" content="article" />
<meta property="og:title" content="Centrum Wolontariatu Caritas – rozwój działalności - Caritas" />
<meta property="og:url" content="https://www.caritas.gda.pl/projekt/2612/" />
<meta property="og:site_name" content="Caritas" />
<meta property="article:modified_time" content="2026-02-20T08:42:22+00:00" />
<meta property="og:image" content="https://www.caritas.gda.pl/wp-content/uploads/2025/06/Projekt-bez-nazwy-65.png" />
	<meta property="og:image:width" content="354" />
	<meta property="og:image:height" content="236" />
	<meta property="og:image:type" content="image/png" />
<meta name="twitter:card" content="summary_large_image" />
<meta name="twitter:label1" content="Est. reading time" />
	<meta name="twitter:data1" content="1 minute" />
<script type="application/ld+json" class="yoast-schema-graph">{"@context":"https://schema.org","@graph":[{"@type":"WebPage","@id":"https://www.caritas.gda.pl/projekt/2612/","url":"https://www.caritas.gda.pl/projekt/2612/","name":"Centrum Wolontariatu Caritas – rozwój działalności - Caritas","isPartOf":{"@id":"https://www.caritas.gda.pl/#website"},"primaryImageOfPage":{"@id":"https://www.caritas.gda.pl/projekt/2612/#primaryimage"},"image":{"@id":"https://www.caritas.gda.pl/projekt/2612/#primaryimage"},"thumbnailUrl":"https://www.caritas.gda.pl/wp-content/uploads/2025/06/Projekt-bez-nazwy-65.png","datePublished":"2025-06-12T10:20:02+00:00","dateModified":"2026-02-20T08:42:22+00:00","breadcrumb":{"@id":"https://www.caritas.gda.pl/projekt/2612/#breadcrumb"},"inLanguage":"en-US","potentialAction":[{"@type":"ReadAction","target":["https://www.caritas.gda.pl/projekt/2612/"]}]},{"@type":"ImageObject","inLanguage":"en-US","@id":"https://www.caritas.gda.pl/projekt/2612/#primaryimage","url":"https://www.caritas.gda.pl/wp-content/uploads/2025/06/Projekt-bez-nazwy-65.png","contentUrl":"https://www.caritas.gda.pl/wp-content/uploads/2025/06/Projekt-bez-nazwy-65.png","width":354,"height":236},{"@type":"BreadcrumbList","@id":"https://www.caritas.gda.pl/projekt/2612/#breadcrumb","itemListElement":[{"@type":"ListItem","position":1,"name":"Home","item":"https://www.caritas.gda.pl/en/"},{"@type":"ListItem","position":2,"name":"Centrum Wolontariatu Caritas – rozwój działalności"}]},{"@type":"WebSite","@id":"https://www.caritas.gda.pl/#website","url":"https://www.caritas.gda.pl/","name":"Caritas","description":"","potentialAction":[{"@type":"SearchAction","target":{"@type":"EntryPoint","urlTemplate":"https://www.caritas.gda.pl/?s={search_term_string}"},"query-input":{"@type":"PropertyValueSpecification","valueRequired":true,"valueName":"search_term_string"}}],"inLanguage":"en-US"}]}</script>
<!-- / Yoast SEO plugin. -->

Centrum Wolontariatu Caritas – rozwój działalności - Caritas
